{"id":1670,"date":"2022-01-12T10:50:29","date_gmt":"2022-01-12T10:50:29","guid":{"rendered":"https:\/\/jorevastudi.com\/?page_id=1670"},"modified":"2022-02-02T09:14:40","modified_gmt":"2022-02-02T09:14:40","slug":"reformes-integrals","status":"publish","type":"page","link":"https:\/\/jorevastudi.com\/index.php\/reformes-integrals\/","title":{"rendered":"REFORMES INTEGRALS"},"content":{"rendered":"\n<div style=\"height:40px\" aria-hidden=\"true\" class=\"wp-block-spacer\"><\/div>\n\n\n\n<p class=\"has-text-color\" style=\"color:#545252\">A <strong>Joreva estudi  <\/strong>elaborem <strong>reformes integrals d\u2019interiorisme<\/strong> buscant solucions flexibles i innovadores. Aportem en cada un d&#8217;ells solucions decoratives i arquitect\u00f2niques per crear l&#8217;ambient ideal.<\/p>\n\n\n\n<p class=\"has-text-color\" style=\"color:#545252\">Dissenyem l\u2019espai a la teva a mida i t\u2019oferim solucions est\u00e8tiques i funcionals per <strong>projectes intergrals <\/strong>de tot tipus de vivendes i locals comercials. <\/p>\n\n\n\n<p class=\"has-text-color\" style=\"color:#545252\">Els nostres interioristes et faran un projecte amb pl\u00e0nols de distribuci\u00f3, renders i imatges d\u2019inspiraci\u00f3, perqu\u00e8 junts pogueu planejar una reforma a mida i pogueu escollir plegats els materials i acabats de cada fase. <\/p>\n\n\n\n<p class=\"has-text-color\" style=\"color:#545252\">T\u2019acompanyarem des de l\u2019inici del projecte fins al final de la reforma cuidant fins el m\u00e9s m\u00ednim detall: la distribuci\u00f3 dels espais, la il-luminaci\u00f3, els colors, el mobiliari, la decoraci\u00f3, les formes&#8230;<\/p>\n\n\n\n<p class=\"has-text-color\" style=\"color:#545252;font-size:18px\"> <strong>COM TREBALLEM EN LES REFOMRES INTEGRALS?<\/strong><\/p>\n\n\n\n<ol class=\"has-text-color wp-block-list\" style=\"color:#545252\"><li><strong>Acompanyament en el showroom de mobles i complements<br><\/strong>Tot comen\u00e7a amb un ratet en exlusiva amb un dels nostres dissenyadors passejant pel showroom de JOREVA. Aquest \u00e9s l\u2019espai on podr\u00e0s compartir les teves idees, desitjos i necessitats. El nostre dissenyador et presentar\u00e0 les nostres col\u00b7leccions de mobles  i complements de decoraci\u00f3. T\u2019explicar\u00e0 com funciona el nostre servei de disseny i interiorisme personalitzat i et donar\u00e0 resposta a les primeres preguntes que de ben segur et vindran al cap.<\/li><li><strong>Visita de disseny a casa teva<br><\/strong>Si est\u00e0s decidit a tirar endavant, llavors nosaltres vindrem a casa teva per tenir una sessi\u00f3 de disseny en profunditat in situ. Junts, repassarem paletes de colors, mostres, teixits i pl\u00e0nols, i prendrem mides. De manera que quan en sortim tindrem una clara fotografia de com tu vols que es transformi aquest espai. <\/li><li><strong>Presentaci\u00f3 del disseny<br><\/strong>Quan els teus dissenys estiguin preparats, unes dues setmanes m\u00e9s tard, et convidarem de nou al nostre showroom per presentar-te el nou espai i fer els canvis finals.  Des d&#8217;aqu\u00ed, tindr\u00e0s a disposici\u00f3 un moodboard amb mostres de material, pressupost exacte aix\u00ed com un esb\u00f3s a escala per tal que t\u2019ajudi a veure com el projecte va agafant forma i puguis veure com quedar\u00e0 finalment l&#8217;espai.<br>Si et sembla tot b\u00e9, ja es pot configurar la comanda i posar la roda en marxa. Si prefereixes emportar-te el moodboard a casa per poder madurar una mica m\u00e9s la decisi\u00f3, ets lliure de fer-ho i de tornar quan estiguis a punt.<\/li><li><strong>El gran dia<br><\/strong>L&#8217;equip de JOREVA  est\u00e0 de cam\u00ed  per posar-se a treballar i acabar el projecte quan abans.  Treballem el m\u00e9s r\u00e0pid possible, evitant qualsevol imprevist, deixan&#8217;t tot enllestit. Per tant, un cop entris a casa teva l&#8217;\u00fanic que haur\u00e0s de fer es GAUDIR del nous espai ( o espais). Un projecte integral de 0 a 100. <\/li><\/ol>\n\n\n\n<hr class=\"wp-block-separator\"\/>\n\n\n<div id=\"envira-gallery-wrap-1858\" class=\"envira-gallery-wrap envira-gallery-theme-base envira-lightbox-theme-base\" itemscope itemtype=\"https:\/\/schema.org\/ImageGallery\"><div data-row-height=\"\" data-gallery-theme=\"\" id=\"envira-gallery-1858\" class=\"envira-gallery-public  envira-gallery-3-columns envira-clear enviratope envira-gallery-css-animations\" data-envira-columns=\"3\"><div id=\"envira-gallery-item-1859\" class=\"envira-gallery-item enviratope-item envira-gallery-item-1 envira-lazy-load\" style=\"padding-left: 5px; padding-bottom: 10px; padding-right: 5px;\"  itemscope itemtype=\"https:\/\/schema.org\/ImageObject\"><div class=\"envira-gallery-item-inner\"><div class=\"envira-gallery-position-overlay  envira-gallery-top-left\"><\/div><div class=\"envira-gallery-position-overlay  envira-gallery-top-right\"><\/div><div class=\"envira-gallery-position-overlay  envira-gallery-bottom-left\"><\/div><div class=\"envira-gallery-position-overlay  envira-gallery-bottom-right\"><\/div><a href=\"https:\/\/jorevastudi.com\/wp-content\/uploads\/2022\/01\/153e9b67-8912-470c-9a21-8cc14b12deb7.jpg\" class=\"envira-gallery-1858 envira-gallery-link\" rel=\"enviragallery1858\" title=\"Fase muntatge projecte integral reforma\" data-envira-caption=\"Fase muntatge projecte integral reforma\" data-envira-retina=\"\" data-thumbnail=\"\"  itemprop=\"contentUrl\"><div class=\"envira-lazy\" data-test-width=\"640\" data-test-height=\"480\" style=\"padding-bottom:75%;\"><img decoding=\"async\" id=\"envira-gallery-image-1859\" class=\"envira-gallery-image envira-gallery-image-1\" data-envira-index=\"1\" src=\"https:\/\/jorevastudi.com\/wp-content\/uploads\/2022\/01\/153e9b67-8912-470c-9a21-8cc14b12deb7-640x480_c.jpg\" data-envira-src=\"https:\/\/jorevastudi.com\/wp-content\/uploads\/2022\/01\/153e9b67-8912-470c-9a21-8cc14b12deb7-640x480_c.jpg\" data-envira-gallery-id=\"1858\" data-envira-item-id=\"1859\" data-envira-caption=\"Fase muntatge projecte integral reforma\" alt=\"Fase muntatge projecte integral reforma\" title=\"Fase muntatge projecte integral reforma\"  itemprop=\"thumbnailUrl\" data-envira-srcset=\"https:\/\/jorevastudi.com\/wp-content\/uploads\/2022\/01\/153e9b67-8912-470c-9a21-8cc14b12deb7-640x480_c.jpg 400w,https:\/\/jorevastudi.com\/wp-content\/uploads\/2022\/01\/153e9b67-8912-470c-9a21-8cc14b12deb7-640x480_c.jpg 2x\" srcset=\"data:image\/gif;base64,R0lGODlhAQABAIAAAP\/\/\/\/\/\/\/yH5BAEKAAEALAAAAAABAAEAAAICTAEAOw==\" \/><\/div><\/a><\/div><\/div><div id=\"envira-gallery-item-1860\" class=\"envira-gallery-item enviratope-item envira-gallery-item-2 envira-lazy-load\" style=\"padding-left: 5px; padding-bottom: 10px; padding-right: 5px;\"  itemscope itemtype=\"https:\/\/schema.org\/ImageObject\"><div class=\"envira-gallery-item-inner\"><div class=\"envira-gallery-position-overlay  envira-gallery-top-left\"><\/div><div class=\"envira-gallery-position-overlay  envira-gallery-top-right\"><\/div><div class=\"envira-gallery-position-overlay  envira-gallery-bottom-left\"><\/div><div class=\"envira-gallery-position-overlay  envira-gallery-bottom-right\"><\/div><a href=\"https:\/\/jorevastudi.com\/wp-content\/uploads\/2022\/01\/5632ebc7-a7f4-443a-a628-1c4276f9ccbc.jpg\" class=\"envira-gallery-1858 envira-gallery-link\" rel=\"enviragallery1858\" title=\"Fase 0 disseny projecte\" data-envira-caption=\"Fase 0 disseny projecte\" data-envira-retina=\"\" data-thumbnail=\"\"  itemprop=\"contentUrl\"><div class=\"envira-lazy\" data-test-width=\"640\" data-test-height=\"480\" style=\"padding-bottom:75%;\"><img decoding=\"async\" id=\"envira-gallery-image-1860\" class=\"envira-gallery-image envira-gallery-image-2\" data-envira-index=\"2\" src=\"https:\/\/jorevastudi.com\/wp-content\/uploads\/2022\/01\/5632ebc7-a7f4-443a-a628-1c4276f9ccbc-640x480_c.jpg\" data-envira-src=\"https:\/\/jorevastudi.com\/wp-content\/uploads\/2022\/01\/5632ebc7-a7f4-443a-a628-1c4276f9ccbc-640x480_c.jpg\" data-envira-gallery-id=\"1858\" data-envira-item-id=\"1860\" data-envira-caption=\"Fase 0 disseny projecte\" alt=\"Fase 0 disseny projecte\" title=\"Fase 0 disseny projecte\"  itemprop=\"thumbnailUrl\" data-envira-srcset=\"https:\/\/jorevastudi.com\/wp-content\/uploads\/2022\/01\/5632ebc7-a7f4-443a-a628-1c4276f9ccbc-640x480_c.jpg 400w,https:\/\/jorevastudi.com\/wp-content\/uploads\/2022\/01\/5632ebc7-a7f4-443a-a628-1c4276f9ccbc-640x480_c.jpg 2x\" srcset=\"data:image\/gif;base64,R0lGODlhAQABAIAAAP\/\/\/\/\/\/\/yH5BAEKAAEALAAAAAABAAEAAAICTAEAOw==\" \/><\/div><\/a><\/div><\/div><div id=\"envira-gallery-item-1861\" class=\"envira-gallery-item enviratope-item envira-gallery-item-3 envira-lazy-load\" style=\"padding-left: 5px; padding-bottom: 10px; padding-right: 5px;\"  itemscope itemtype=\"https:\/\/schema.org\/ImageObject\"><div class=\"envira-gallery-item-inner\"><div class=\"envira-gallery-position-overlay  envira-gallery-top-left\"><\/div><div class=\"envira-gallery-position-overlay  envira-gallery-top-right\"><\/div><div class=\"envira-gallery-position-overlay  envira-gallery-bottom-left\"><\/div><div class=\"envira-gallery-position-overlay  envira-gallery-bottom-right\"><\/div><a href=\"https:\/\/jorevastudi.com\/wp-content\/uploads\/2022\/01\/28079c43-d256-419c-abe6-83ad245c7e2a.jpg\" class=\"envira-gallery-1858 envira-gallery-link\" rel=\"enviragallery1858\" title=\"28079c43-d256-419c-abe6-83ad245c7e2a\" data-envira-caption=\"28079c43-d256-419c-abe6-83ad245c7e2a\" data-envira-retina=\"\" data-thumbnail=\"\"  itemprop=\"contentUrl\"><div class=\"envira-lazy\" data-test-width=\"640\" data-test-height=\"480\" style=\"padding-bottom:75%;\"><img decoding=\"async\" id=\"envira-gallery-image-1861\" class=\"envira-gallery-image envira-gallery-image-3\" data-envira-index=\"3\" src=\"https:\/\/jorevastudi.com\/wp-content\/uploads\/2022\/01\/28079c43-d256-419c-abe6-83ad245c7e2a-640x480_c.jpg\" data-envira-src=\"https:\/\/jorevastudi.com\/wp-content\/uploads\/2022\/01\/28079c43-d256-419c-abe6-83ad245c7e2a-640x480_c.jpg\" data-envira-gallery-id=\"1858\" data-envira-item-id=\"1861\" data-envira-caption=\"28079c43-d256-419c-abe6-83ad245c7e2a\" alt=\"\" title=\"28079c43-d256-419c-abe6-83ad245c7e2a\"  itemprop=\"thumbnailUrl\" data-envira-srcset=\"https:\/\/jorevastudi.com\/wp-content\/uploads\/2022\/01\/28079c43-d256-419c-abe6-83ad245c7e2a-640x480_c.jpg 400w,https:\/\/jorevastudi.com\/wp-content\/uploads\/2022\/01\/28079c43-d256-419c-abe6-83ad245c7e2a-640x480_c.jpg 2x\" srcset=\"data:image\/gif;base64,R0lGODlhAQABAIAAAP\/\/\/\/\/\/\/yH5BAEKAAEALAAAAAABAAEAAAICTAEAOw==\" \/><\/div><\/a><\/div><\/div><div id=\"envira-gallery-item-1905\" class=\"envira-gallery-item enviratope-item envira-gallery-item-4 envira-lazy-load\" style=\"padding-left: 5px; padding-bottom: 10px; padding-right: 5px;\"  itemscope itemtype=\"https:\/\/schema.org\/ImageObject\"><div class=\"envira-gallery-item-inner\"><div class=\"envira-gallery-position-overlay  envira-gallery-top-left\"><\/div><div class=\"envira-gallery-position-overlay  envira-gallery-top-right\"><\/div><div class=\"envira-gallery-position-overlay  envira-gallery-bottom-left\"><\/div><div class=\"envira-gallery-position-overlay  envira-gallery-bottom-right\"><\/div><a href=\"https:\/\/jorevastudi.com\/wp-content\/uploads\/2022\/01\/Captura-de-pantalla-2021-10-21-a-les-11.22.00.png\" class=\"envira-gallery-1858 envira-gallery-link\" rel=\"enviragallery1858\" title=\"Fase muntatge projecte integral reforma\" data-envira-caption=\"Fase muntatge projecte integral reforma\" data-envira-retina=\"\" data-thumbnail=\"\"  itemprop=\"contentUrl\"><div class=\"envira-lazy\" data-test-width=\"640\" data-test-height=\"480\" style=\"padding-bottom:75%;\"><img decoding=\"async\" id=\"envira-gallery-image-1905\" class=\"envira-gallery-image envira-gallery-image-4\" data-envira-index=\"4\" src=\"https:\/\/jorevastudi.com\/wp-content\/uploads\/2022\/01\/Captura-de-pantalla-2021-10-21-a-les-11.22.00-640x480_c.png\" data-envira-src=\"https:\/\/jorevastudi.com\/wp-content\/uploads\/2022\/01\/Captura-de-pantalla-2021-10-21-a-les-11.22.00-640x480_c.png\" data-envira-gallery-id=\"1858\" data-envira-item-id=\"1905\" data-envira-caption=\"Fase muntatge projecte integral reforma\" alt=\"Fase muntatge projecte integral reforma\" title=\"Fase muntatge projecte integral reforma\"  itemprop=\"thumbnailUrl\" data-envira-srcset=\"https:\/\/jorevastudi.com\/wp-content\/uploads\/2022\/01\/Captura-de-pantalla-2021-10-21-a-les-11.22.00-640x480_c.png 400w,https:\/\/jorevastudi.com\/wp-content\/uploads\/2022\/01\/Captura-de-pantalla-2021-10-21-a-les-11.22.00-640x480_c.png 2x\" srcset=\"data:image\/gif;base64,R0lGODlhAQABAIAAAP\/\/\/\/\/\/\/yH5BAEKAAEALAAAAAABAAEAAAICTAEAOw==\" \/><\/div><\/a><\/div><\/div><div id=\"envira-gallery-item-1966\" class=\"envira-gallery-item enviratope-item envira-gallery-item-5 envira-lazy-load\" style=\"padding-left: 5px; padding-bottom: 10px; padding-right: 5px;\"  itemscope itemtype=\"https:\/\/schema.org\/ImageObject\"><div class=\"envira-gallery-item-inner\"><div class=\"envira-gallery-position-overlay  envira-gallery-top-left\"><\/div><div class=\"envira-gallery-position-overlay  envira-gallery-top-right\"><\/div><div class=\"envira-gallery-position-overlay  envira-gallery-bottom-left\"><\/div><div class=\"envira-gallery-position-overlay  envira-gallery-bottom-right\"><\/div><a href=\"https:\/\/jorevastudi.com\/wp-content\/uploads\/2022\/01\/joreva-interiorismo-la-garriga-muebles.jpeg\" class=\"envira-gallery-1858 envira-gallery-link\" rel=\"enviragallery1858\" title=\"Professionals per a cada fase del proc&eacute;s\" data-envira-caption=\"Professionals per a cada fase del proc&eacute;s\" data-envira-retina=\"\" data-thumbnail=\"\"  itemprop=\"contentUrl\"><div class=\"envira-lazy\" data-test-width=\"640\" data-test-height=\"480\" style=\"padding-bottom:75%;\"><img decoding=\"async\" id=\"envira-gallery-image-1966\" class=\"envira-gallery-image envira-gallery-image-5\" data-envira-index=\"5\" src=\"https:\/\/jorevastudi.com\/wp-content\/uploads\/2022\/01\/joreva-interiorismo-la-garriga-muebles-640x480_c.jpeg\" data-envira-src=\"https:\/\/jorevastudi.com\/wp-content\/uploads\/2022\/01\/joreva-interiorismo-la-garriga-muebles-640x480_c.jpeg\" data-envira-gallery-id=\"1858\" data-envira-item-id=\"1966\" data-envira-caption=\"Professionals per a cada fase del proc&eacute;s\" alt=\"Montadores de muebles profesionales\" title=\"Professionals per a cada fase del proc&amp;eacute;s\"  itemprop=\"thumbnailUrl\" data-envira-srcset=\"https:\/\/jorevastudi.com\/wp-content\/uploads\/2022\/01\/joreva-interiorismo-la-garriga-muebles-640x480_c.jpeg 400w,https:\/\/jorevastudi.com\/wp-content\/uploads\/2022\/01\/joreva-interiorismo-la-garriga-muebles-640x480_c.jpeg 2x\" srcset=\"data:image\/gif;base64,R0lGODlhAQABAIAAAP\/\/\/\/\/\/\/yH5BAEKAAEALAAAAAABAAEAAAICTAEAOw==\" \/><\/div><\/a><\/div><\/div><div id=\"envira-gallery-item-1967\" class=\"envira-gallery-item enviratope-item envira-gallery-item-6 envira-lazy-load\" style=\"padding-left: 5px; padding-bottom: 10px; padding-right: 5px;\"  itemscope itemtype=\"https:\/\/schema.org\/ImageObject\"><div class=\"envira-gallery-item-inner\"><div class=\"envira-gallery-position-overlay  envira-gallery-top-left\"><\/div><div class=\"envira-gallery-position-overlay  envira-gallery-top-right\"><\/div><div class=\"envira-gallery-position-overlay  envira-gallery-bottom-left\"><\/div><div class=\"envira-gallery-position-overlay  envira-gallery-bottom-right\"><\/div><a href=\"https:\/\/jorevastudi.com\/wp-content\/uploads\/2022\/01\/joreva-interiorismo-la-garriga.jpeg\" class=\"envira-gallery-1858 envira-gallery-link\" rel=\"enviragallery1858\" title=\"Reuni&oacute; presencial amb el client durant el projecte de reforma integral\" data-envira-caption=\"Reuni&oacute; presencial amb el client durant el projecte de reforma integral\" data-envira-retina=\"\" data-thumbnail=\"\"  itemprop=\"contentUrl\"><div class=\"envira-lazy\" data-test-width=\"640\" data-test-height=\"480\" style=\"padding-bottom:75%;\"><img decoding=\"async\" id=\"envira-gallery-image-1967\" class=\"envira-gallery-image envira-gallery-image-6\" data-envira-index=\"6\" src=\"https:\/\/jorevastudi.com\/wp-content\/uploads\/2022\/01\/joreva-interiorismo-la-garriga-640x480_c.jpeg\" data-envira-src=\"https:\/\/jorevastudi.com\/wp-content\/uploads\/2022\/01\/joreva-interiorismo-la-garriga-640x480_c.jpeg\" data-envira-gallery-id=\"1858\" data-envira-item-id=\"1967\" data-envira-caption=\"Reuni&oacute; presencial amb el client durant el projecte de reforma integral\" alt=\"proyectos de reformas integrales en la garriga, granollers\" title=\"Reuni&amp;oacute; presencial amb el client durant el projecte de reforma integral\"  itemprop=\"thumbnailUrl\" data-envira-srcset=\"https:\/\/jorevastudi.com\/wp-content\/uploads\/2022\/01\/joreva-interiorismo-la-garriga-640x480_c.jpeg 400w,https:\/\/jorevastudi.com\/wp-content\/uploads\/2022\/01\/joreva-interiorismo-la-garriga-640x480_c.jpeg 2x\" srcset=\"data:image\/gif;base64,R0lGODlhAQABAIAAAP\/\/\/\/\/\/\/yH5BAEKAAEALAAAAAABAAEAAAICTAEAOw==\" \/><\/div><\/a><\/div><\/div><\/div><\/div><noscript><img decoding=\"async\" src=\"https:\/\/jorevastudi.com\/wp-content\/uploads\/2022\/01\/153e9b67-8912-470c-9a21-8cc14b12deb7.jpg\" alt=\"Fase muntatge projecte integral reforma\" \/><img decoding=\"async\" src=\"https:\/\/jorevastudi.com\/wp-content\/uploads\/2022\/01\/5632ebc7-a7f4-443a-a628-1c4276f9ccbc.jpg\" alt=\"Fase 0 disseny projecte\" \/><img decoding=\"async\" src=\"https:\/\/jorevastudi.com\/wp-content\/uploads\/2022\/01\/28079c43-d256-419c-abe6-83ad245c7e2a.jpg\" alt=\"\" \/><img decoding=\"async\" src=\"https:\/\/jorevastudi.com\/wp-content\/uploads\/2022\/01\/Captura-de-pantalla-2021-10-21-a-les-11.22.00.png\" alt=\"Fase muntatge projecte integral reforma\" \/><img decoding=\"async\" src=\"https:\/\/jorevastudi.com\/wp-content\/uploads\/2022\/01\/joreva-interiorismo-la-garriga-muebles.jpeg\" alt=\"Montadores de muebles profesionales\" \/><img decoding=\"async\" src=\"https:\/\/jorevastudi.com\/wp-content\/uploads\/2022\/01\/joreva-interiorismo-la-garriga.jpeg\" alt=\"proyectos de reformas integrales en la garriga, granollers\" \/><\/noscript>\n\n\n\n<p><\/p>\n\n\n\n<p class=\"has-text-color\" style=\"color:#545252\">Si vols m\u00e9s informaci\u00f3 sobre el servei d\u2019interiorisme o projectes de reforma et pots posar en contacte\u00a0<a href=\"https:\/\/jorevastudi.com\/index.php\/contacte\/\" target=\"_blank\" rel=\"noreferrer noopener\"><strong>AQU\u00cd\u00a0<\/strong><\/a>o ens pots venir a veure al\u00a0<a href=\"https:\/\/www.google.com\/maps\/place\/JOREVA+estudi+SL\/@41.6997299,2.2857444,15z\/data=!4m2!3m1!1s0x0:0x827571d33d56ea2f?sa=X&amp;ved=2ahUKEwig2MSAk9z1AhVsh_0HHfrcB6sQ_BJ6BAghEAU\" target=\"_blank\" rel=\"noreferrer noopener\"><strong>nostre showroom<\/strong><\/a>\u00a0de La Garriga.<\/p>\n","protected":false},"excerpt":{"rendered":"<p>A Joreva interiorisme elaborem projectes integrals d\u2019interiorisme buscant solucions flexibles i innovadores.<\/p>\n","protected":false},"author":2,"featured_media":0,"parent":0,"menu_order":0,"comment_status":"closed","ping_status":"closed","template":"template-fullwidth.php","meta":{"footnotes":""},"class_list":["post-1670","page","type-page","status-publish","hentry"],"yoast_head":"<!-- This site is optimized with the Yoast SEO plugin v27.6 - https:\/\/yoast.com\/product\/yoast-seo-wordpress\/ -->\n<title>REFORMES INTEGRALS - Joreva interiorismo la garriga<\/title>\n<meta name=\"description\" content=\"Elaborem reformes integrals d\u2019interiorisme buscant solucions flexibles i innovadores. Aportem solucions decoratives i arquitect\u00f2niques.\" \/>\n<meta name=\"robots\" content=\"index, follow, max-snippet:-1, max-image-preview:large, max-video-preview:-1\" \/>\n<link rel=\"canonical\" href=\"https:\/\/jorevastudi.com\/index.php\/reformes-integrals\/\" \/>\n<meta property=\"og:locale\" content=\"ca_ES\" \/>\n<meta property=\"og:type\" content=\"article\" \/>\n<meta property=\"og:title\" content=\"REFORMES INTEGRALS - Joreva interiorismo la garriga\" \/>\n<meta property=\"og:description\" content=\"Elaborem reformes integrals d\u2019interiorisme buscant solucions flexibles i innovadores. Aportem solucions decoratives i arquitect\u00f2niques.\" \/>\n<meta property=\"og:url\" content=\"https:\/\/jorevastudi.com\/index.php\/reformes-integrals\/\" \/>\n<meta property=\"og:site_name\" content=\"Joreva interiorismo la garriga\" \/>\n<meta property=\"article:modified_time\" content=\"2022-02-02T09:14:40+00:00\" \/>\n<meta name=\"twitter:card\" content=\"summary_large_image\" \/>\n<meta name=\"twitter:label1\" content=\"Temps estimat de lectura\" \/>\n\t<meta name=\"twitter:data1\" content=\"3 minuts\" \/>\n<script type=\"application\/ld+json\" class=\"yoast-schema-graph\">{\"@context\":\"https:\\\/\\\/schema.org\",\"@graph\":[{\"@type\":\"WebPage\",\"@id\":\"https:\\\/\\\/jorevastudi.com\\\/index.php\\\/reformes-integrals\\\/\",\"url\":\"https:\\\/\\\/jorevastudi.com\\\/index.php\\\/reformes-integrals\\\/\",\"name\":\"REFORMES INTEGRALS - Joreva interiorismo la garriga\",\"isPartOf\":{\"@id\":\"https:\\\/\\\/jorevastudi.com\\\/#website\"},\"datePublished\":\"2022-01-12T10:50:29+00:00\",\"dateModified\":\"2022-02-02T09:14:40+00:00\",\"description\":\"Elaborem reformes integrals d\u2019interiorisme buscant solucions flexibles i innovadores. Aportem solucions decoratives i arquitect\u00f2niques.\",\"breadcrumb\":{\"@id\":\"https:\\\/\\\/jorevastudi.com\\\/index.php\\\/reformes-integrals\\\/#breadcrumb\"},\"inLanguage\":\"ca\",\"potentialAction\":[{\"@type\":\"ReadAction\",\"target\":[\"https:\\\/\\\/jorevastudi.com\\\/index.php\\\/reformes-integrals\\\/\"]}]},{\"@type\":\"BreadcrumbList\",\"@id\":\"https:\\\/\\\/jorevastudi.com\\\/index.php\\\/reformes-integrals\\\/#breadcrumb\",\"itemListElement\":[{\"@type\":\"ListItem\",\"position\":1,\"name\":\"Inici\",\"item\":\"https:\\\/\\\/jorevastudi.com\\\/\"},{\"@type\":\"ListItem\",\"position\":2,\"name\":\"REFORMES INTEGRALS\"}]},{\"@type\":\"WebSite\",\"@id\":\"https:\\\/\\\/jorevastudi.com\\\/#website\",\"url\":\"https:\\\/\\\/jorevastudi.com\\\/\",\"name\":\"Joreva interiorismo la garriga\",\"description\":\"estudio de interiorismo, proyectos de reforma, tienda de muebles de dise\u00f1o de primeras marcas en granollers\",\"publisher\":{\"@id\":\"https:\\\/\\\/jorevastudi.com\\\/#organization\"},\"potentialAction\":[{\"@type\":\"SearchAction\",\"target\":{\"@type\":\"EntryPoint\",\"urlTemplate\":\"https:\\\/\\\/jorevastudi.com\\\/?s={search_term_string}\"},\"query-input\":{\"@type\":\"PropertyValueSpecification\",\"valueRequired\":true,\"valueName\":\"search_term_string\"}}],\"inLanguage\":\"ca\"},{\"@type\":\"Organization\",\"@id\":\"https:\\\/\\\/jorevastudi.com\\\/#organization\",\"name\":\"Joreva interiorismo la garriga\",\"url\":\"https:\\\/\\\/jorevastudi.com\\\/\",\"logo\":{\"@type\":\"ImageObject\",\"inLanguage\":\"ca\",\"@id\":\"https:\\\/\\\/jorevastudi.com\\\/#\\\/schema\\\/logo\\\/image\\\/\",\"url\":\"https:\\\/\\\/jorevastudi.com\\\/wp-content\\\/uploads\\\/2022\\\/01\\\/cropped-LOGOHRJoreva-1.png\",\"contentUrl\":\"https:\\\/\\\/jorevastudi.com\\\/wp-content\\\/uploads\\\/2022\\\/01\\\/cropped-LOGOHRJoreva-1.png\",\"width\":200,\"height\":45,\"caption\":\"Joreva interiorismo la garriga\"},\"image\":{\"@id\":\"https:\\\/\\\/jorevastudi.com\\\/#\\\/schema\\\/logo\\\/image\\\/\"}}]}<\/script>\n<!-- \/ Yoast SEO plugin. -->","yoast_head_json":{"title":"REFORMES INTEGRALS - Joreva interiorismo la garriga","description":"Elaborem reformes integrals d\u2019interiorisme buscant solucions flexibles i innovadores. Aportem solucions decoratives i arquitect\u00f2niques.","robots":{"index":"index","follow":"follow","max-snippet":"max-snippet:-1","max-image-preview":"max-image-preview:large","max-video-preview":"max-video-preview:-1"},"canonical":"https:\/\/jorevastudi.com\/index.php\/reformes-integrals\/","og_locale":"ca_ES","og_type":"article","og_title":"REFORMES INTEGRALS - Joreva interiorismo la garriga","og_description":"Elaborem reformes integrals d\u2019interiorisme buscant solucions flexibles i innovadores. Aportem solucions decoratives i arquitect\u00f2niques.","og_url":"https:\/\/jorevastudi.com\/index.php\/reformes-integrals\/","og_site_name":"Joreva interiorismo la garriga","article_modified_time":"2022-02-02T09:14:40+00:00","twitter_card":"summary_large_image","twitter_misc":{"Temps estimat de lectura":"3 minuts"},"schema":{"@context":"https:\/\/schema.org","@graph":[{"@type":"WebPage","@id":"https:\/\/jorevastudi.com\/index.php\/reformes-integrals\/","url":"https:\/\/jorevastudi.com\/index.php\/reformes-integrals\/","name":"REFORMES INTEGRALS - Joreva interiorismo la garriga","isPartOf":{"@id":"https:\/\/jorevastudi.com\/#website"},"datePublished":"2022-01-12T10:50:29+00:00","dateModified":"2022-02-02T09:14:40+00:00","description":"Elaborem reformes integrals d\u2019interiorisme buscant solucions flexibles i innovadores. Aportem solucions decoratives i arquitect\u00f2niques.","breadcrumb":{"@id":"https:\/\/jorevastudi.com\/index.php\/reformes-integrals\/#breadcrumb"},"inLanguage":"ca","potentialAction":[{"@type":"ReadAction","target":["https:\/\/jorevastudi.com\/index.php\/reformes-integrals\/"]}]},{"@type":"BreadcrumbList","@id":"https:\/\/jorevastudi.com\/index.php\/reformes-integrals\/#breadcrumb","itemListElement":[{"@type":"ListItem","position":1,"name":"Inici","item":"https:\/\/jorevastudi.com\/"},{"@type":"ListItem","position":2,"name":"REFORMES INTEGRALS"}]},{"@type":"WebSite","@id":"https:\/\/jorevastudi.com\/#website","url":"https:\/\/jorevastudi.com\/","name":"Joreva interiorismo la garriga","description":"estudio de interiorismo, proyectos de reforma, tienda de muebles de dise\u00f1o de primeras marcas en granollers","publisher":{"@id":"https:\/\/jorevastudi.com\/#organization"},"potentialAction":[{"@type":"SearchAction","target":{"@type":"EntryPoint","urlTemplate":"https:\/\/jorevastudi.com\/?s={search_term_string}"},"query-input":{"@type":"PropertyValueSpecification","valueRequired":true,"valueName":"search_term_string"}}],"inLanguage":"ca"},{"@type":"Organization","@id":"https:\/\/jorevastudi.com\/#organization","name":"Joreva interiorismo la garriga","url":"https:\/\/jorevastudi.com\/","logo":{"@type":"ImageObject","inLanguage":"ca","@id":"https:\/\/jorevastudi.com\/#\/schema\/logo\/image\/","url":"https:\/\/jorevastudi.com\/wp-content\/uploads\/2022\/01\/cropped-LOGOHRJoreva-1.png","contentUrl":"https:\/\/jorevastudi.com\/wp-content\/uploads\/2022\/01\/cropped-LOGOHRJoreva-1.png","width":200,"height":45,"caption":"Joreva interiorismo la garriga"},"image":{"@id":"https:\/\/jorevastudi.com\/#\/schema\/logo\/image\/"}}]}},"_links":{"self":[{"href":"https:\/\/jorevastudi.com\/index.php\/wp-json\/wp\/v2\/pages\/1670","targetHints":{"allow":["GET"]}}],"collection":[{"href":"https:\/\/jorevastudi.com\/index.php\/wp-json\/wp\/v2\/pages"}],"about":[{"href":"https:\/\/jorevastudi.com\/index.php\/wp-json\/wp\/v2\/types\/page"}],"author":[{"embeddable":true,"href":"https:\/\/jorevastudi.com\/index.php\/wp-json\/wp\/v2\/users\/2"}],"replies":[{"embeddable":true,"href":"https:\/\/jorevastudi.com\/index.php\/wp-json\/wp\/v2\/comments?post=1670"}],"version-history":[{"count":12,"href":"https:\/\/jorevastudi.com\/index.php\/wp-json\/wp\/v2\/pages\/1670\/revisions"}],"predecessor-version":[{"id":1976,"href":"https:\/\/jorevastudi.com\/index.php\/wp-json\/wp\/v2\/pages\/1670\/revisions\/1976"}],"wp:attachment":[{"href":"https:\/\/jorevastudi.com\/index.php\/wp-json\/wp\/v2\/media?parent=1670"}],"curies":[{"name":"wp","href":"https:\/\/api.w.org\/{rel}","templated":true}]}}